+ 32 = -4*o, -6*i + 2*i - 32 = 4*o. Let b = o - 4. Let y = b + 47. Calculate the remainder when y is divided by 12.
11
Let i be 2/(-11) + (-53)/11. Let d = -3 - i. Suppose -d*h + 46 = -0*h. What is the remainder when h is divided by 8?
7
Let x = 44 - -15. What is the remainder when x is divided by 20?
19
Let q(s) = 5*s**2 + 3*s - 3. What is the remainder when q(-3) is divided by ((-9)/(-12))/((-10)/(-120))?
6
Let i(t) = 40*t**2 + 1. Let x be i(1). Suppose -o - x = -4*l - 0*o, -2*o = -4*l + 42. Let a(w) = -7*w - 1. What is the remainder when l is divided by a(-1)?
4
Let c(r) = -52*r**3 + r**2 + 3*r + 2. Let w = -15 + 14. Let h(s) = -s + 10. What is the remainder when c(w) is divided by h(-8)?
16
Suppose -2*d - 1 = l + 13, 4*d + 12 = 0. Let b = 8 + l. Suppose b = -o - 3*o + 36. What is the remainder when 34 is divided by o?
7
Suppose -2*m + 180 = -3*u, m = 3*m + 5*u - 196. Suppose -4*v + 11 = j - m, v - j - 31 = 0. Calculate the remainder when v is divided by 7.
6
Let j = 0 + 15. Suppose -9 = 3*y + 3. Let p = j - y. What is the remainder when p is divided by 7?
5
Let t(u) be the first derivative of 2*u**2 - 7*u - 4. Suppose x + 3 = 5*r - r, 5*x + 3*r = 31. What is the remainder when 25 is divided by t(x)?
12
Let h = -47 - -100. What is the remainder when h is divided by 19?
15
Suppose 0*v + 18 = v. What is the remainder when 52 is divided by v?
16
Suppose -13*h = -9*h - 108. What is the remainder when h is divided by 11?
5
Let z(d) = -d**2 - 4*d - 2. Let f be z(-3). Let x = 4 - f. Let y(b) = -b**2 + 6*b + 5. Calculate the remainder when y(6) is divided by x.
2
Suppose -5*m - 3*s + 41 = 0, 5*s = -5*m - 0*s + 35. What is the remainder when 28 is divided by m?
8
Let p = 3 + -2. Calculate the remainder when 18 is divided by 5 - ((3 - p) + -2).
3
Let u(n) = 0*n + 10*n**2 + 3 + n + 2*n. Let o be u(-3). Suppose 4*j = 3*j - r + 28, -o = -3*j + 5*r. Calculate the remainder when j is divided by 10.
8
Let b(c) = c + 5. Let t(h) = h + 1. Let r be t(3). Calculate the remainder when 44 is divided by b(r).
8
Suppose l - 96 = -2*l. Calculate the remainder when l is divided by 7.
4
Let a(m) = -7*m - 1. Let j be a(6). Let o = j - -60. What is the remainder when o is divided by 10?
7
Suppose 16 = 5*u - 24. Let q be 0*(2 + -5)/6. What is the remainder when (-3 + q)/(-6)*44 is divided by u?
6
Let p = -76 - -140. Calculate the remainder when p is divided by 17.
13
Let t(o) = 19*o**3 - 2*o - 1. Let z be t(-1). Let c = -8 - z. Calculate the remainder when 19 is divided by c.
9
Let n = 6 - -2. Calculate the remainder when 29 is divided by n.
5
What is the remainder when (2 + (-14)/6)*-186 is divided by 16?
14
Let v be 14/(0/(-2) + 2). Suppose -2*b - v = 1. What is the remainder when 2/b + (-147)/(-14) is divided by 3?
1
Suppose -3*a + 17 = -151. What is the remainder when a is divided by 15?
11
Let h be 4/(-18) + 101/9. Suppose 5*w - 44 = -2*g + 11, 2*g - h = -w. What is the remainder when w is divided by 6?
5
Let g = 30 + -24. What is the remainder when g is divided by 4?
2
Suppose -3*j + 4*c = -6 - 8, 0 = -3*j - 4*c - 2. What is the remainder when 2 is divided by j?
0
Let k(c) = 7*c**2 + 1. Let g(f) = -f - 9. Let n be g(-10). Suppose -5 = -l + m - 2, -3*l + m + 13 = 0. Calculate the remainder when k(n) is divided by l.
3
What is the remainder when 38 is divided by (-3)/(-4 + 37/10)?
8
Let i = 6 + -2. Suppose -1 = -y + i. Calculate the remainder when 13 is divided by y.
3
Let n(d) = d**3 - 4*d**2 + 5*d - 3. Let m be n(3). Let w be (-7 + -2)/m*3. Calculate the remainder when (w - (-2 - -1))*-1 is divided by 3.
2
Suppose 9*j = 4*j + 235. Suppose -5*a + 34 = 4*k - 110, 4*a = -k + j. What is the remainder when k is divided by 17?
14
Let m(s) = 5*s. Suppose -c + 25 = 8. Calculate the remainder when m(10) is divided by c.
16
Suppose -5*b + 37 = -63. Calculate the remainder when 58 is divided by b.
18
Suppose 5*x = 6*x - 11. Suppose 2*z - 2 = -2*h, 3*z - 4*z + 7 = 4*h. What is the remainder when (h/1)/((-1)/(-16)) is divided by x?
10
Let k(r) = r - 1. Suppose 0 = -4*s + 4 + 4. Calculate the remainder when 1 is divided by k(s).
0
Suppose 3*k = 32 + 22. What is the remainder when k is divided by 7?
4
Let v = 19 - 11. What is the remainder when 13 is divided by v?
5
Let j = 95 - 60. Calculate the remainder when 139 is divided by j.
34
Suppose g = -8 + 20. What is the remainder when -1 - (-4 + -4*11) is divided by g?
11
Let m = -6 - -27. What is the remainder when 81 is divided by m?
18
What is the remainder when 348/15 - 4/20 is divided by 12?
11
Suppose -f = -30 + 16. Calculate the remainder when 41 is divided by f.
13
Let q(v) = v**3 + 4*v**2 - 5*v + 6. Calculate the remainder when 16 is divided by q(-5).
4
Suppose -s + 4*j = 8, 3*j + 2 = -3*s + 4*j. Suppose s = 3*f + g - 9, 0 = -f + 2*g - 2 + 5. Calculate the remainder when 23/(0 - f/(-6)) is divided by 16.
14
Let u = 5 + 21. What is the remainder when 64 is divided by u?
12
Suppose -l + 2 + 1 = 0. Let u = -13 - -20. What is the remainder when u is divided by l?
1
Suppose 3*g - 91 = 3*b - g, -163 = 5*b - g. Let q = b + 55. What is the remainder when 86 is divided by q?
20
Suppose -4*m + 2*a + 22 = -0*m, 0 = -m + 4*a + 23. Let j be ((-6)/8)/(2/24). Let b = j - -14. Calculate the remainder when b is divided by m.
2
Let i(w) = -w + 14. Let g = -3 - -14. Calculate the remainder when g is divided by i(10).
3
Let j(d) = d**2 - 22*d - 1. What is the remainder when 46 is divided by j(23)?
2
Let t = -73 - -107. Suppose -2*q - 72 = -6*q. What is the remainder when t is divided by q?
16
Suppose 4 = 3*r - 44. Suppose 4 = -y + 5*f, -r = 2*y - 4*y - 2*f. Calculate the remainder when 9 is divided by y.
3
Suppose -2*j + 4*j - 36 = 4*o, 77 = 5*j + 3*o. Suppose 0*p - 5*p = -45. Calculate the remainder when j is divided by p.
7
Let k(p) = -p**3 + 8*p**2 - 10*p + 7. What is the remainder when 73 is divided by k(6)?
16
Let d = -64 - -134. Calculate the remainder when d is divided by 18.
16
Suppose 0 = 14*r - 3140 - 52. Calculate the remainder when r is divided by 29.
25
Let f be 10/35 + 69/(-21). What is the remainder when (-3 + f)*(-3)/2 is divided by 4?
1
Suppose -3*i - 2*i = 435. Let s = i - -129. Suppose s = 3*p + 15. Calculate the remainder when 25 is divided by p.
7
Suppose 2*k = -k + 186. Let f be 2 + -4*1/(-2). Suppose 0 = -c + f*c - 63. Calculate the remainder when k is divided by c.
20
Let m(q) = -q + 4. Let j be m(0). Suppose -j*d + 108 = -d. Let p = 63 - d. What is the remainder when p is divided by 14?
13
Let k = -2 - -9. Suppose 2*z + 67 = 7*z + t, 2*z - 34 = -4*t. Calculate the remainder when z is divided by k.
6
Suppose -4*i = -42 - 58. What is the remainder when i is divided by 13?
12
Suppose 0*w + w - 4 = 0. Suppose -4*n = -5*t + 347, -5*t - w*n = 13 - 336. Suppose -m = -t + 12. What is the remainder when m is divided by 19?
17
Let i(g) = g + 5 + 5*g - g**2 + 4*g - g. Suppose -3*j + m = -0*j - 72, 0 = -4*j + 4*m + 96. What is the remainder when j is divided by i(8)?
11
Let z = 0 - 3. Let b be -1 - (-1)/((-1)/z). Suppose d - 6 = b*d + 5*k, 0 = -5*d - 5*k + 50. What is the remainder when d is divided by 5?
4
Suppose -3*n = 2*h + 148 - 4, -4*n + 8 = 0. Let w = h - -140. Suppose -5*x = 3*z - 2*z - w, 0 = 2*z + 4*x - 100. What is the remainder when z is divided by 21?
19
Let r be 1/(-3 - (-58)/20). What is the remainder when 10 is divided by 25/r*(-8)/5?
2
Let x(n) = n**3 - 8*n**2 + n + 5. Calculate the remainder when 36 is divided by x(8).
10
Let j = 40 - -8. What is the remainder when j is divided by 13?
9
Suppose -5*x - 9 = -3*c, -2*x + 4*c - 14 = -2. Calculate the remainder when 20 + 0 + (-6)/(-3) is divided by x/1*1 - -8.
6
Let g be 2/4 + (-35)/(-10). Suppose 20 = 2*c + g. Calculate the remainder when 21 is divided by c.
5
Let q(o) = -o + 1. Let z be q(0). Let f be (-3 - (-1)/z)*-13. Suppose -l = -3*l + f. What is the remainder when 37 is divided by l?
11
Suppose 5*y - 4 + 5 = -4*o, -9 = -4*o - 3*y. Let m(w) = 2*w**2 - 2*w + 4. What is the remainder when m(o) is divided by 22?
20
Suppose 2*p + 2*p - 4*j = 24, -3*p + 5*j + 16 = 0. Calculate the remainder when 26 is divided by p.
5
Let y be (7 - 2) + 2/2. Let o be (-2 - -1) + y/2. Suppose -5*f + 20 = 0, -f = -o*u - 10 + 30. What is the remainder when 21 is divided by u?
9
Let